?
8
What is the tens digit of (6/9)/((-4)/(-396))?
6
Let q = 123 - 67. What is the units digit of q?
6
Suppose 8*d = 2799 - 983. What is the units digit of d?
7
Let z(c) = -c**3 - 45. Let m be z(0). Let o = -16 - m. What is the tens digit of o?
2
Let t(q) = q**2 - 4*q + 2. Let c be t(2). Let z be ((-4)/(-10))/((-2)/10). What is the units digit of (5*c)/z + 1?
6
Let o(y) = y**2 - 5*y - 2. Let t be o(7). What is the units digit of (-62)/(-6) + (-4)/t?
0
Let y(c) = -2*c**2 + 7*c - 4. Let s be y(5). Let m = s + 27. Suppose z = -z + 4*f - m, -2*f = -8. What is the units digit of z?
4
Suppose -27 = -u - 7. Suppose 0 = p - 2*f - 0*f + 5, 2*p = -2*f + u. Suppose -t + 11 + p = 0. What is the tens digit of t?
1
Let t(w) = -w**3 + 11*w**2 - 6*w - 1. What is the tens digit of t(9)?
0
Let o = 0 + 36. What is the units digit of o?
6
Suppose -2*u + 8 = 3*a, -2*a - 4*u = -3 - 5. Suppose -2*c - 2*c + 14 = 3*d, a*c + 4*d = 12. What is the tens digit of 11 - (-1)/c*0?
1
Suppose 4*r - 3*x = 38, 0 = -2*r + 3*r + 4*x. Suppose 0 = -3*y + r*y - 25. What is the units digit of y?
5
Let u(q) = -q**3 + 8*q**2 - 5*q. Let d be u(6). What is the units digit of 12/d - (-136)/14?
0
What is the tens digit of 1852/22 - 12/66?
8
Let o = 2 + -1. Suppose -m + 14 = 3*h, h = 3 + o. What is the units digit of (-1 - -5)*(m - 0)?
8
Let o(x) = 4*x**2 - 11*x + 1. What is the tens digit of o(9)?
2
Let x be ((-10)/15)/((-4)/42). Suppose 2 = -5*b + x. What is the units digit of b?
1
Suppose -20 = -2*v - 4*a, -3*a - 6 = -v - a. Suppose -3*l + 15 = -v*l. Let f = 4 + l. What is the units digit of f?
1
Suppose 0 = 4*u - 31 - 41. What is the units digit of u?
8
Suppose 2*b - 84 = -2*l, -l + 38 = -2*b + 122. What is the units digit of b?
2
Let j = 8 + -3. Suppose -2*v = -j*o + 25, 0*o + 5*o - 10 = -v. Suppose 5*p - 14 = o*p. What is the units digit of p?
7
Let m = -4 + 12. What is the units digit of m?
8
Let u = 89 - -95. What is the units digit of u?
4
Let k be 1 - (0 - 0 - -15). Let n = k + -10. Let a = 35 + n. What is the units digit of a?
1
Let a = 88 - -7. What is the units digit of a?
5
Let r(a) = -25*a**3 - 4*a**2 - 4*a - 2. What is the hundreds digit of r(-2)?
1
Suppose 0 = 3*a - a - 6. What is the units digit of a?
3
Let a = -14 + 8. Let d = -7 - a. Let l = d - -4. What is the units digit of l?
3
Let j = -7 + 9. Suppose -j*h = -3*h + 33. What is the units digit of h?
3
Let n = 43 + -15. What is the units digit of n?
8
Suppose s = 2*s. Suppose -m + s*m = -2. What is the units digit of m?
2
Let u(t) = 3*t - 1. Let k be u(1). Suppose 0 = -m + 2, -h + k*m - 14 = h. What is the units digit of h/(-10) - 14/(-4)?
4
Let s = -21 - -38. Suppose 3*p - 22 - s = 0. What is the units digit of p?
3
Let s(x) = -6*x**2 + 1. Let k be s(-1). Let q = k - -11. What is the units digit of q?
6
Suppose 2 + 2 = u, -2*q + 2*u = 0. Suppose -4*d + 34 = 2*b, -5*d - q*b - 5 = -43. What is the tens digit of d?
1
Suppose -3*s + 2*s = -128. What is the tens digit of s/7 + 8/(-28)?
1
Suppose 3*m - 25 = z + 2, -3*z - 55 = 4*m. Let s = z - -31. What is the units digit of s?
0
Let x = 310 - 66. What is the units digit of x?
4
Suppose m - 4*m + 3*x = 0, -4*m - 2*x + 18 = 0. What is the units digit of (5 - m) + (-1 - -25)?
6
Let x(k) = -7*k**3 + 9*k**2 + k - 1. Let u(z) = -15*z**3 + 19*z**2 + 2*z - 2. Let l(v) = -6*u(v) + 13*x(v). What is the units digit of l(2)?
5
Let d be (-2 + (-1 - -4))*1. Let i = 1 - d. Suppose i = -w - 0*j + 3*j + 7, -2*j = -2*w + 26. What is the units digit of w?
6
Let a = 40 + -26. What is the units digit of a?
4
Suppose -1 = -s - s + 3*x, 2*s - 2*x - 2 = 0. What is the units digit of (-54)/(-4) - s/(-4)?
4
Suppose 5*h = 285 + 495. What is the hundreds digit of h?
1
What is the tens digit of 4/2 + (-7 - -29)?
2
Suppose 33 = 2*m + 3*j, -3*j = -m - j + 13. What is the units digit of m?
5
Let l(j) = -j - 1. Let x be l(-6). Suppose g + 3*v - 13 + 0 = 0, 0 = -5*g + x*v + 45. What is the units digit of g?
0
Let x = 7 - -76. Suppose 0 = -5*b + 283 - x. What is the units digit of b?
0
Let z(p) = p**2 - 6*p - 18. What is the units digit of z(10)?
2
Let g(f) = -f**2 - 4*f + 2. Let z be g(-4). Let o = 1 + -2. Let l = o + z. What is the units digit of l?
1
Suppose 0 = 2*g - 4*g + 8. Suppose -5*f + 5 = -4*q - 1, -f - 2 = -g*q. Suppose 2 = -f*c + 4. What is the units digit of c?
1
Let m(s) = 49*s - 17. What is the units digit of m(4)?
9
Let v(x) = -11*x**3 - 9*x**2 + 9*x + 23. Let z(n) = 4*n**3 + 3*n**2 - 3*n - 8. Let h(d) = 3*v(d) + 8*z(d). What is the units digit of h(-4)?
9
Suppose -2*k = 3*k - 15. Suppose r = -2*p + 5, 4*p - 4*r = k*p + 25. What is the units digit of p?
5
Let w = 52 - -5. What is the units digit of w?
7
Suppose v = 4*i + 34 - 179, 5*i - 183 = 3*v. What is the tens digit of i?
3
Let w = 4 + -3. What is the units digit of w?
1
Let t(h) = h + 1. Let g be t(-5). Let n = g + 6. What is the units digit of n?
2
Let n = -54 - -93. What is the tens digit of n?
3
Suppose 0*y = -5*y + 155. Suppose 52 = 3*d + 5*w, 3*d - w - y + 9 = 0. What is the units digit of d?
9
Suppose 3*u + 0 = 2*b - 17, -5*u = -b + 26. Suppose 0 = -m + 11 + b. What is the units digit of m?
2
Let i(d) = 34*d - 5. Let c be i(3). Let t = c - 59. What is the units digit of t?
8
Let c(z) = -2*z - 2. Let i be c(-3). Suppose 4*g - 67 = 5*v, -i*v - 9 = 3. What is the tens digit of g?
1
Let m(a) = -9*a + 2. What is the tens digit of m(-4)?
3
What is the tens digit of (2 - (-3)/(-3)) + 41?
4
Suppose -15 = 3*z - 114. What is the tens digit of z?
3
Suppose 5*h + 4*p - 78 = 3*p, p = 3. What is the units digit of h?
5
Let g = -7 + 10. Let w be (-8 - -11)/(1/6). Suppose 2*u - 21 = -4*q + 3*q, g*q = 3*u + w. What is the tens digit of q?
1
Let f = -22 - -26. What is the units digit of f?
4
Let m be 10/20*0/(-1). Suppose 4*x = -m + 16. What is the units digit of x?
4
What is the units digit of (-3)/(-5) + ((-1056)/(-15) - -3)?
4
Let k = 24 + -11. What is the tens digit of k?
1
Let d = -95 + 180. What is the tens digit of d?
8
Let h(g) = 2*g - 2. Let b be h(2). Suppose b*a = 6*a. Let m = 3 + a. What is the units digit of m?
3
Let j(l) = l**2 + 1. Let f be j(-5). Suppose 4*g + q = 5*g + f, 4*g - q + 101 = 0. Let d = g + 42. What is the units digit of d?
7
Let k(u) = -5*u**2 - 9*u - 7. Let n(p) = -2*p**2 - 4*p - 3. Let q(t) = -3*k(t) + 7*n(t). Suppose 7*v - 6 = 4*v. What is the units digit of q(v)?
2
Let w be (-326)/(-9) + 2/(-9). Suppose 0 = 3*f - w + 6. What is the units digit of f?
0
Let q(l) = l**2 - 6*l - 2 + 3 + 5*l. What is the units digit of q(-6)?
3
Let r = -681 - -421. Let i be r/(-36) + (-4)/18. Suppose p = -i + 18. What is the tens digit of p?
1
Suppose -3*w + 6 = -2*w. Suppose 5*u + 7 = -8. What is the units digit of u/(w/4) + 14?
2
Let w(r) = -r**2 - 10*r - 5. Suppose -1 + 7 = -s. What is the tens digit of w(s)?
1
Let y(g) = 3*g**2 - 2*g - 23. What is the units digit of y(-6)?
7
Let y(a) = -a**2 - 6*a - 7. Let h be y(-3). Let j = h + 26. What is the units digit of j?
8
Let l = -88 - -146. What is the units digit of l?
8
Suppose -10 + 170 = 5*i. What is the units digit of i?
2
Let q be -2*(14/(-4) + -2). Suppose 2*a + q = k - 3*a, -5*k + 7 = -a. What is the units digit of k?
1
Let u be 56/4 + 2*-2. Suppose u*o - 14*o + 48 = 0. What is the tens digit of o?
1
Let p(g) = g + 8. What is the units digit of p(-6)?
2
Let d be 4*(-1)/(-4)*3. Suppose -2 = 2*p - d*p. What is the units digit of p?
2
What is the tens digit of 5434/16 - 96/(-256)?
4
Suppose 3 = 2*d - 7. Let i = d + 3. Let n(o) = -o**3 + 7*o**2 + 8*o + 4. What is the units digit of n(i)?
4
Let k be 45 - (-1 + -3 + 3). Suppose -4*a + 9*a = 4*h - k, h + 3*a = 20. What is the tens digit of h?
1
Let p be (-4)/(-12)*(1 + 14). Suppose -24 = -2*q + 4*m, -m = -p*q + 4*m + 35. Suppose -q*g + 4*g = 6. What is the units digit of g?
3
Let c(v) = 5*v + 22. What is the units digit of c(11)?
7
Let r(c) = 4*c**3 + c**2 - 2*c + 14. Let b(u) = u**3 - u**2 + 1. Let t(q) = -5*b(q) + r(q). Let p be t(6). What is the units digit of -1*20/(-2) - p?
3
Let j be (-1 - 15)*(-1 - 0). Suppose 5*b - j + 1 = 0. What is the units digit of b?
3
Suppose -4 = -3*n + n. Suppose -a - 8 = 3*a. What is the units digit of ((-1)/n)/(a/4)?
1
Let h(p) = p**2 - 2*p - 3. Let k(b) = -6*b. Let c be k(-1). What is the units digit